*2 + 26*f + 215. Give v(-7).
180
Let k(n) = 3635*n + 167229. Calculate k(-46).
19
Let i(s) = 2*s**3 + 900*s**2 + 3564*s - 1774. Calculate i(-446).
10
Let s(x) = -1099*x + 37481. What is s(34)?
115
Let a(o) = -19*o**2 - 283*o + 18. Determine a(-9).
1026
Let j(w) = w**3 + 227*w**2 + 475*w + 5623. Determine j(-225).
-2
Let i(v) = 3*v**2 - 1362*v - 64141. Give i(497).
-28
Let w(v) = -96*v**2 + 55*v + 162. What is w(-4)?
-1594
Let m(q) = 446*q + 11101. Give m(-24).
397
Let u(q) = -21*q**2 + 65*q + 187. Give u(0).
187
Let r(b) = b**2 + 103239*b - 722729. Calculate r(7).
-7
Let r(h) = -1774*h + 970379. Calculate r(547).
1
Let t(d) = -d**2 - 149*d + 1493. Determine t(9).
71
Let r(u) = -568465*u + 1705389. Calculate r(3).
-6
Let y(o) = -o**3 + 1490*o**2 - 17821*o + 125621. What is y(1478)?
-9
Let r(g) = -g**3 + 30*g**2 + 117*g - 3980. Determine r(12).
16
Let u(g) = 4*g**3 - 59*g**2 - 71*g - 128. Determine u(16).
16
Let g(u) = -2*u**3 + 30*u**2 + 206*u - 41. Determine g(-6).
235
Let u(f) = -f**2 + 1094*f - 282843. Calculate u(675).
-18
Let d(q) = 4303*q - 417404. What is d(97)?
-13
Let c(l) = -180*l - 1003. What is c(-6)?
77
Let o(h) = -3*h**2 - 7988*h + 56064. Determine o(7).
1
Let w(s) = s**3 - 109*s**2 - 124*s - 10810. What is w(111)?
68
Let u(d) = -2*d**3 + 68*d**2 + 576*d - 69. Give u(41).
13
Let a(w) = 24*w**2 + 239*w + 2134. Give a(-9).
1927
Let f(o) = 832*o**2 + 59*o + 86. Determine f(-1).
859
Let w(a) = a**3 + 293*a**2 + 1227*a + 20676. Determine w(-289).
157
Let m(y) = -y**3 - 22*y**2 + 11*y - 211. Determine m(-22).
-453
Let z(p) = -2*p**2 - 242*p - 3654. Calculate z(-18).
54
Let v(s) = 3424*s + 219053. Give v(-64).
-83
Let w(g) = -59*g + 9561. Calculate w(158).
239
Let t(f) = -f**3 - 29*f**2 + 1812*f + 56064. Determine t(-35).
-6
Let c(p) = -19*p**2 - 1338*p - 15800. Calculate c(-15).
-5
Let x(v) = -5*v**3 - 1519*v**2 - 368*v - 204275. What is x(-304)?
13
Let g(h) = 2*h**3 + 21*h**2 - 105*h - 23. Give g(4).
21
Let p(a) = 3*a**3 - 140*a**2 - 67*a + 805. Calculate p(47).
-135
Let m(g) = 20*g**2 - 1437*g - 1532. Determine m(73).
147
Let s(j) = -j**3 - 615*j**2 + 629*j + 7834. Determine s(-616).
-174
Let a(z) = -z**3 + 6*z**2 + 53*z + 42. Give a(13).
-452
Let u(v) = 2*v**3 + 136*v**2 - 427*v - 268. Give u(-71).
-197
Let u(j) = 104117*j + 520507. Calculate u(-5).
-78
Let f(m) = -2843*m - 1014933. What is f(-357)?
18
Let z(x) = x**3 + 66*x**2 + 1076*x - 121. Calculate z(-32).
263
Let b(x) = 38*x - 3256. Calculate b(86).
12
Let r(w) = -w**3 - 142147*w**2 - 142147*w + 1. Calculate r(-1).
2
Let g(h) = 3*h**2 + 256*h + 5443. What is g(-39)?
22
Let c(w) = -2018*w + 28287. Give c(14).
35
Let k(x) = -x**3 - x**2 + 2*x - 26. Calculate k(0).
-26
Let r(s) = 35*s**3 + 3609*s**2 + 406*s - 468. Calculate r(-103).
150
Let l(b) = -248390*b + 6. Give l(0).
6
Let n(t) = t**3 + 191*t**2 + 758*t + 302. Give n(-187).
-1568
Let n(f) = 5*f**2 + 6*f - 4453. What is n(31)?
538
Let s(v) = v**2 + 13945*v + 6385265. Give s(-474).
11
Let r(s) = 594094*s - 1188159. Calculate r(2).
29
Let h(d) = 5*d**3 - 4120*d**2 + 4124*d - 7382. Calculate h(823).
25
Let z(f) = -8207*f - 130579. Give z(-16).
733
Let w(o) = 2*o**3 + 697*o**2 + 1779*o + 17019. What is w(-346)?
65
Let o(c) = -1310*c - 41899. Calculate o(-32).
21
Let g(p) = -357*p**2 + 12*p - 69. Calculate g(2).
-1473
Let r(c) = -147*c + 5535. Calculate r(54).
-2403
Let i(c) = -4*c**2 + 5776*c - 180740. Calculate i(32).
-4
Let f(b) = -b**3 + 16*b**2 - 4288*b - 26535. Determine f(-6).
-15
Let r(n) = 139*n - 30732. Give r(222).
126
Let a(c) = 138*c**2 - 1687*c + 396. Determine a(12).
24
Let y(r) = -3*r**2 + 68*r - 46. What is y(5)?
219
Let h(m) = -m**3 - m**2 - 121*m + 607. Determine h(5).
-148
Let k(u) = -15603*u + 218482. Calculate k(14).
40
Let a(k) = -20*k**2 + 286*k - 1005. Give a(6).
-9
Let o(g) = -g**2 - 3796*g + 99376. Calculate o(26).
4
Let t(b) = -1042*b - 66701. Calculate t(-64).
-13
Let a(c) = 32631*c + 261083. Determine a(-8).
35
Let h(t) = -24168*t - 96673. What is h(-4)?
-1
Let z(i) = i**2 + 95*i + 1379. Determine z(-79).
115
Let f(s) = -995*s - 16000. What is f(-16)?
-80
Let u(l) = l**2 - 56*l - 4201. What is u(-47)?
640
Let x(t) = -11*t**2 + 2261*t - 53929. What is x(178)?
5
Let r(i) = -29805*i - 176628. Determine r(-6).
2202
Let u(j) = -2631*j + 5278. What is u(2)?
16
Let d(q) = q**2 - 64*q + 676. Determine d(37).
-323
Let k(v) = 26669*v + 4933750. Give k(-185).
-15
Let u(h) = -h**2 + 13460*h - 1706641. What is u(128)?
-145
Let g(h) = -15*h**3 + 110*h**2 - 29*h - 59. Calculate g(7).
-17
Let i(x) = x**3 + 44*x**2 - 395*x + 1220. Calculate i(-52).
128
Let g(c) = c**3 - 136*c**2 + 4752*c - 8651. Give g(67).
-8
Let z(y) = -y**3 - 63*y**2 + 2687*y - 110. Determine z(-92).
-1858
Let n(i) = -i**2 - 5494*i + 254836. Give n(46).
-4
Let x(a) = -696*a + 4765. Calculate x(11).
-2891
Let d(n) = n**2 - 94*n + 754. Determine d(20).
-726
Let g(s) = -509*s - 17871. Give g(-35).
-56
Let x(q) = -3*q**2 + 2897*q + 387237. Give x(-119).
11
Let p(l) = l**3 - 74*l**2 + 148*l + 142. Calculate p(72).
430
Let o(y) = -252740*y - 12131528. What is o(-48)?
-8
Let k(l) = 5718*l + 74290. What is k(-13)?
-44
Let r(n) = -3*n**3 - 1618*n**2 - 58999*n + 505. Give r(-500).
5
Let s(o) = -6*o**2 + 1519*o - 95329. Calculate s(115).
6
Let k(o) = 2*o**2 - 4282*o - 156751. Calculate k(-36).
-7
Let u(i) = 1722*i + 22124. Calculate u(-13).
-262
Let c(b) = b**3 + 9*b**2 + 161*b + 945. Give c(-6).
87
Let k(m) = -m**3 - 25*m**2 + 1255*m + 126. Determine k(-50).
-124
Let o(k) = 3489*k + 48780. Calculate o(-14).
-66
Let i(p) = -1345*p + 13437. Calculate i(10).
-13
Let u(o) = -2*o**2 + 171*o - 2839. What is u(62)?
75
Let t(w) = -104*w**3 + 620*w**2 - 152*w + 1060. Determine t(6).
4
Let k(a) = 32*a**2 - 1411*a + 11644. Give k(11).
-5
Let d(i) = -3*i**3 + 57*i**2 - 215*i - 182. What is d(6)?
-68
Let b(q) = -q**3 + 25*q**2 + 424*q + 279. What is b(-11)?
-29
Let g(y) = -2*y**2 - 973*y - 62320. Give g(-76).
76
Let r(u) = -u**3 + 40*u**2 + 577*u - 124. What is r(51)?
692
Let h(l) = -43*l**2 - 304*l - 453. Give h(-5).
-8
Let t(h) = 163*h + 19574. Give t(-119).
177
Let u(o) = 16*o**2 + 9092*o + 149936. Calculate u(-17).
-4
Let y(s) = -914*s**2 + 11874*s + 83. What is y(13)?
-21
Let m(d) = -d**3 + 18*d**2 - 112*d - 59. Give m(15).
-1064
Let f(r) = -r**3 - 56*r**2 + 1172*r - 7. Calculate f(16).
313
Let z(y) = 309*y - 34670. Give z(112).
-62
Let q(l) = -1760*l - 124962. Give q(-71).
-2
Let g(d) = -3734*d + 36822. Calculate g(9).
3216
Let t(g) = g**3 + 88*g**2 + 1012*g + 18080. Give t(-78).
-16
Let g(f) = -499*f - 4674. Determine g(-6).
-1680
Let n(i) = -i**3 - 181*i**2 + 335*i - 6043. Determine n(-183).
-370
Let i(a) = 29*a**3 + 3*a**2 + 7*a + 1. Calculate i(0).
1
Let m(o) = -3*o**2 - 860*o + 6922. Give m(8).
-150
Let d(p) = -10*p**3 + 1745*p**2 - 883*p - 111. Determine d(174).
-2373
Let y(a) = -4*a**2 - 374*a + 3034. Calculate y(-101).
4
Let u(s) = -26*s**2 - 261*s - 1021. Give u(-4).
-393
Let z(v) = -v**3 - 96*v**2 - 1515*v - 13654. Give z(-79).
-66
Let i(m) = -2*m**3 - 307*m**2 - 1194*m - 879. Calculate i(-3).
-6
Let o(a) = 12025*a - 949987. Determine o(79).
-12
Let j(v) = -5*v**3 + 1465*v**2 + 2673*v + 81721. Calculate j(295).
6
Let l(n) = -n**3 + 213*n**2 + 4882*n - 957190. Determine l(215).
-10
Let z(y) = -23*y**2 - 14*y + 215. What is z(5)?
-430
Let c(w) = -2*w**2 - 1947*w - 394840. Determine c(-288).
8
Let a(r) = -1535831*r - 6143329. Determine a(-4).
-5
Let z(r) = 2512*r + 92952. Determine z(-37).
8
Let b(n) = 38*n**2 + 4693*n - 609. Give b(-124).
1747
Let z(t) = -2*t**3 + 115*t**2 - 93*t + 1960. Determine z(57).
-92
Let h(r) = 97*r**2 - 1475*r - 93. Determine h(14).
-1731
Let o(q) = 11*q**2 + 47*q - 12. Calculate o(0).
-12
Let d(c) = -c**2 - 198*c - 9586. Give d(-113).
19
Let t(v) = v**3 + 236*v**2 - 731*v - 1456. Calculate t(-239).
1890
Let r(i) = -4055*i + 8894. Determine r(2).
784
Let c(y) = 2*y**3 - 14944*y**2 + 104483*y + 192. Determine c(7).
3
Let p(s) = 2*s**2 + 19873*s + 139015. Calculate p(-7).
2
Let m(z) = -1251*z + 7517. Give m(5).
1262
Let h(r) = -2988*r + 406415. Give h(136).
47
Let y(b) = 698*b**3 - 4186*b**2 - 12*b + 31. Calculate y(6).
31
Let k(j) = -13*j**3 - 83*j**2 - 922*j - 6689. Determine k(-7).
157
Let u(h) = -h**3 - 99*h**2 + 231*h + 274